[INFO] cloning repository https://github.com/yukimemi/enkm
[INFO] running `Command { std: "git" "-c" "credential.helper=" "-c" "credential.helper=/workspace/cargo-home/bin/git-credential-null" "clone" "--bare" "https://github.com/yukimemi/enkm" "/workspace/cache/git-repos/https%3A%2F%2Fgithub.com%2Fyukimemi%2Fenkm", kill_on_drop: false }`
[INFO] [stderr] Cloning into bare repository '/workspace/cache/git-repos/https%3A%2F%2Fgithub.com%2Fyukimemi%2Fenkm'...
[INFO] running `Command { std: "git" "rev-parse" "HEAD", kill_on_drop: false }`
[INFO] [stdout] 3d2a129f3d6309f4e97263d32b1ddc686bd1785b
[INFO] checking yukimemi/enkm against try#72f88fc4e9458f89516a0b8b0868f3718aec5b47 for pr-74989
[INFO] running `Command { std: "git" "clone" "/workspace/cache/git-repos/https%3A%2F%2Fgithub.com%2Fyukimemi%2Fenkm" "/workspace/builds/worker-5/source", kill_on_drop: false }`
[INFO] [stderr] Cloning into '/workspace/builds/worker-5/source'...
[INFO] [stderr] done.
[INFO] validating manifest of git repo https://github.com/yukimemi/enkm on toolchain 72f88fc4e9458f89516a0b8b0868f3718aec5b47
[INFO] running `Command { std: "/workspace/cargo-home/bin/cargo" "+72f88fc4e9458f89516a0b8b0868f3718aec5b47" "read-manifest" "--manifest-path" "Cargo.toml", kill_on_drop: false }`
[INFO] started tweaking git repo https://github.com/yukimemi/enkm
[INFO] finished tweaking git repo https://github.com/yukimemi/enkm
[INFO] tweaked toml for git repo https://github.com/yukimemi/enkm written to /workspace/builds/worker-5/source/Cargo.toml
[INFO] crate git repo https://github.com/yukimemi/enkm already has a lockfile, it will not be regenerated
[INFO] running `Command { std: "/workspace/cargo-home/bin/cargo" "+72f88fc4e9458f89516a0b8b0868f3718aec5b47" "fetch" "--locked" "--manifest-path" "Cargo.toml", kill_on_drop: false }`
[INFO] [stderr]  Downloading crates ...
[INFO] [stderr]   Downloaded memchr v2.3.0
[INFO] [stderr]   Downloaded serde_json v1.0.45
[INFO] [stderr]   Downloaded nom v5.1.0
[INFO] [stderr]   Downloaded aho-corasick v0.7.7
[INFO] running `Command { std: "docker" "create" "-v" "/var/lib/crater-agent-workspace/builds/worker-5/target:/opt/rustwide/target:rw,Z" "-v" "/var/lib/crater-agent-workspace/builds/worker-5/source:/opt/rustwide/workdir:ro,Z" "-v" "/var/lib/crater-agent-workspace/cargo-home:/opt/rustwide/cargo-home:ro,Z" "-v" "/var/lib/crater-agent-workspace/rustup-home:/opt/rustwide/rustup-home:ro,Z" "-e" "SOURCE_DIR=/opt/rustwide/workdir" "-e" "CARGO_TARGET_DIR=/opt/rustwide/target" "-e" "CARGO_HOME=/opt/rustwide/cargo-home" "-e" "RUSTUP_HOME=/opt/rustwide/rustup-home" "-w" "/opt/rustwide/workdir" "-m" "1610612736" "--user" "0:0" "--network" "none" "rustops/crates-build-env@sha256:d92eaeed33fa75130ca1ee6c8a01d1ffb62bac859dfdfb3450e3e5d1c0146529" "/opt/rustwide/cargo-home/bin/cargo" "+72f88fc4e9458f89516a0b8b0868f3718aec5b47" "metadata" "--no-deps" "--format-version=1", kill_on_drop: false }`
[INFO] [stderr] WARNING: Your kernel does not support swap limit capabilities or the cgroup is not mounted. Memory limited without swap.
[INFO] [stdout] d4d12f43aa4a29954211012dff3302d27c58982cdedc74a58ecc7c6861aefcad
[INFO] running `Command { std: "docker" "start" "-a" "d4d12f43aa4a29954211012dff3302d27c58982cdedc74a58ecc7c6861aefcad", kill_on_drop: false }`
[INFO] running `Command { std: "docker" "inspect" "d4d12f43aa4a29954211012dff3302d27c58982cdedc74a58ecc7c6861aefcad", kill_on_drop: false }`
[INFO] running `Command { std: "docker" "rm" "-f" "d4d12f43aa4a29954211012dff3302d27c58982cdedc74a58ecc7c6861aefcad", kill_on_drop: false }`
[INFO] [stdout] d4d12f43aa4a29954211012dff3302d27c58982cdedc74a58ecc7c6861aefcad
[INFO] running `Command { std: "docker" "create" "-v" "/var/lib/crater-agent-workspace/builds/worker-5/target:/opt/rustwide/target:rw,Z" "-v" "/var/lib/crater-agent-workspace/builds/worker-5/source:/opt/rustwide/workdir:ro,Z" "-v" "/var/lib/crater-agent-workspace/cargo-home:/opt/rustwide/cargo-home:ro,Z" "-v" "/var/lib/crater-agent-workspace/rustup-home:/opt/rustwide/rustup-home:ro,Z" "-e" "SOURCE_DIR=/opt/rustwide/workdir" "-e" "CARGO_TARGET_DIR=/opt/rustwide/target" "-e" "CARGO_INCREMENTAL=0" "-e" "RUST_BACKTRACE=full" "-e" "RUSTFLAGS=--cap-lints=forbid" "-e" "CARGO_HOME=/opt/rustwide/cargo-home" "-e" "RUSTUP_HOME=/opt/rustwide/rustup-home" "-w" "/opt/rustwide/workdir" "-m" "1610612736" "--user" "0:0" "--network" "none" "rustops/crates-build-env@sha256:d92eaeed33fa75130ca1ee6c8a01d1ffb62bac859dfdfb3450e3e5d1c0146529" "/opt/rustwide/cargo-home/bin/cargo" "+72f88fc4e9458f89516a0b8b0868f3718aec5b47" "check" "--frozen" "--all" "--all-targets" "--message-format=json", kill_on_drop: false }`
[INFO] [stderr] WARNING: Your kernel does not support swap limit capabilities or the cgroup is not mounted. Memory limited without swap.
[INFO] [stdout] 4c32430f6ecf65c6fdda0185057cda3038f920115cbfc7b48a0b7aab8c42b26d
[INFO] running `Command { std: "docker" "start" "-a" "4c32430f6ecf65c6fdda0185057cda3038f920115cbfc7b48a0b7aab8c42b26d", kill_on_drop: false }`
[INFO] [stderr]    Compiling memchr v2.3.0
[INFO] [stderr]    Compiling proc-macro2 v1.0.8
[INFO] [stderr]    Compiling arrayvec v0.4.12
[INFO] [stderr]     Checking nodrop v0.1.14
[INFO] [stderr]     Checking serde v0.8.23
[INFO] [stderr]     Checking regex-syntax v0.6.14
[INFO] [stderr]     Checking static_assertions v0.3.4
[INFO] [stderr]    Compiling syn v1.0.14
[INFO] [stderr]     Checking unicode-width v0.1.7
[INFO] [stderr]     Checking same-file v1.0.5
[INFO] [stderr]     Checking rust-ini v0.13.0
[INFO] [stderr]     Checking strsim v0.8.0
[INFO] [stderr]    Compiling num-traits v0.2.11
[INFO] [stderr]    Compiling num-integer v0.1.42
[INFO] [stderr]    Compiling nom v5.1.0
[INFO] [stderr]     Checking yaml-rust v0.4.3
[INFO] [stderr]     Checking textwrap v0.11.0
[INFO] [stderr]    Compiling lexical-core v0.4.6
[INFO] [stderr]     Checking atty v0.2.13
[INFO] [stderr]     Checking walkdir v2.3.1
[INFO] [stderr]     Checking serde_json v1.0.45
[INFO] [stderr]     Checking toml v0.5.6
[INFO] [stderr]     Checking clap v2.33.0
[INFO] [stderr]     Checking aho-corasick v0.7.7
[INFO] [stderr]    Compiling quote v1.0.2
[INFO] [stderr]     Checking num-traits v0.1.43
[INFO] [stderr]     Checking chrono v0.4.10
[INFO] [stderr]     Checking serde_test v0.8.23
[INFO] [stderr]     Checking linked-hash-map v0.3.0
[INFO] [stderr]     Checking regex v1.3.4
[INFO] [stderr]     Checking serde-hjson v0.9.1
[INFO] [stderr]     Checking config v0.10.1
[INFO] [stderr]    Compiling serde_derive v1.0.104
[INFO] [stderr]     Checking enkm v0.1.0 (/opt/rustwide/workdir)
[INFO] [stdout] error[E0583]: file not found for module `settings`
[INFO] [stdout]  --> src/main.rs:6:1
[INFO] [stdout]   |
[INFO] [stdout] 6 | mod settings;
[INFO] [stdout]   | ^^^^^^^^^^^^^
[INFO] [stdout]   |
[INFO] [stdout]   = help: to create the module `settings`, create file "src/settings.rs"
[INFO] [stdout] 
[INFO] [stdout] 
[INFO] [stdout] error[E0583]: file not found for module `settings`
[INFO] [stdout]  --> src/main.rs:6:1
[INFO] [stdout]   |
[INFO] [stdout] 6 | mod settings;
[INFO] [stdout]   | ^^^^^^^^^^^^^
[INFO] [stdout]   |
[INFO] [stdout]   = help: to create the module `settings`, create file "src/settings.rs"
[INFO] [stdout] 
[INFO] [stdout] 
[INFO] [stdout] error[E0432]: unresolved import `tempfile`
[INFO] [stdout]  --> src/main.rs:4:5
[INFO] [stdout]   |
[INFO] [stdout] 4 | use tempfile::NamedTempFile;
[INFO] [stdout]   |     ^^^^^^^^ use of undeclared type or module `tempfile`
[INFO] [stdout] 
[INFO] [stdout] 
[INFO] [stdout] warning: unused imports: `DirEntry`, `WalkDir`
[INFO] [stdout]  --> src/main.rs:5:15
[INFO] [stdout]   |
[INFO] [stdout] 5 | use walkdir::{DirEntry, WalkDir};
[INFO] [stdout]   |               ^^^^^^^^  ^^^^^^^
[INFO] [stdout]   |
[INFO] [stdout]   = note: `#[warn(unused_imports)]` on by default
[INFO] [stdout] 
[INFO] [stdout] 
[INFO] [stdout] error: aborting due to 2 previous errors; 1 warning emitted
[INFO] [stdout] 
[INFO] [stdout] 
[INFO] [stdout] Some errors have detailed explanations: E0432, E0583.
[INFO] [stdout] 
[INFO] [stdout] For more information about an error, try `rustc --explain E0432`.
[INFO] [stdout] 
[INFO] [stderr] error: could not compile `enkm`.
[INFO] [stderr] 
[INFO] [stderr] To learn more, run the command again with --verbose.
[INFO] [stderr] warning: build failed, waiting for other jobs to finish...
[INFO] [stdout] error[E0432]: unresolved import `tempfile`
[INFO] [stdout]  --> src/main.rs:4:5
[INFO] [stdout]   |
[INFO] [stdout] 4 | use tempfile::NamedTempFile;
[INFO] [stdout]   |     ^^^^^^^^ use of undeclared type or module `tempfile`
[INFO] [stdout] 
[INFO] [stdout] 
[INFO] [stdout] warning: unused imports: `DirEntry`, `WalkDir`
[INFO] [stdout]  --> src/main.rs:5:15
[INFO] [stdout]   |
[INFO] [stdout] 5 | use walkdir::{DirEntry, WalkDir};
[INFO] [stdout]   |               ^^^^^^^^  ^^^^^^^
[INFO] [stdout]   |
[INFO] [stdout]   = note: `#[warn(unused_imports)]` on by default
[INFO] [stdout] 
[INFO] [stdout] 
[INFO] [stdout] error: aborting due to 2 previous errors; 1 warning emitted
[INFO] [stdout] 
[INFO] [stdout] 
[INFO] [stdout] Some errors have detailed explanations: E0432, E0583.
[INFO] [stdout] 
[INFO] [stdout] For more information about an error, try `rustc --explain E0432`.
[INFO] [stdout] 
[INFO] [stderr] error: build failed
[INFO] running `Command { std: "docker" "inspect" "4c32430f6ecf65c6fdda0185057cda3038f920115cbfc7b48a0b7aab8c42b26d", kill_on_drop: false }`
[INFO] running `Command { std: "docker" "rm" "-f" "4c32430f6ecf65c6fdda0185057cda3038f920115cbfc7b48a0b7aab8c42b26d", kill_on_drop: false }`
[INFO] [stdout] 4c32430f6ecf65c6fdda0185057cda3038f920115cbfc7b48a0b7aab8c42b26d
